= -2*h + 228 - 251. What are the prime factors of h?
2
List the prime factors of (-10215)/30*(-23 + (-7 - -8)).
3, 11, 227
Let g(n) = 2*n**2 - 38*n + 26. Let f be g(-28). Suppose -4*v + f = 3*a - v, 4 = v. What are the prime factors of a?
2, 3, 7
Let l = -28 + 31. Suppose w = 4*d - 1614 - 1, l*d - 5*w - 1190 = 0. What are the prime factors of d?
3, 5
Let m(l) = -l**3 - 10*l**2 - 15*l - 9. Suppose 44 = -10*g - 56. List the prime factors of m(g).
3, 47
Suppose 3*z + 10 = 7, 3*y - 32443 = z. What are the prime factors of y?
2, 5407
Let i = 33744 - 17508. What are the prime factors of i?
2, 3, 11, 41
Let o = 276 - -506. List the prime factors of (o/85 - 10)*5/(-2).
2
Let t(k) = -k**3 + k**2 - 3*k + 23. Let f be t(0). Let m(p) = p**3 - 24*p**2 + 49*p - 36. What are the prime factors of m(f)?
2, 281
Suppose 112*c - 116*c = -8. Suppose 7 = -c*y + 2*z - 17, 0 = 3*z - 9. List the prime factors of (((-3)/(-1))/y)/((-1)/363).
11
Let i(n) = -199*n - 3. Let h(j) = 6*j - 22. Let b be h(3). List the prime factors of i(b).
13, 61
What are the prime factors of (13380/(-150))/((-2)/20)?
2, 223
Let l(w) = -1 - 8*w + 506*w**2 + 6*w + w. List the prime factors of l(1).
2, 3, 7
Suppose 2*n - 21238 = c, 22*n - 53108 = 17*n - 4*c. What are the prime factors of n?
2, 3, 5, 59
Let v(t) = -14*t + 63. Let d be v(6). Let a = d - -153. Let n = 38 + a. List the prime factors of n.
2, 5, 17
Let g = 0 + 5. Let c = 596 - 591. Suppose 0 = -c*r - 2*d + 6*d + 230, g*d = r - 67. List the prime factors of r.
2, 3, 7
Let n be (-13 - 113)*(-2)/(1 + 1). What are the prime factors of (-13779)/(-189) + 12/n?
73
Suppose -66 = 2*i - 0*i. Let h be 608/88 + -7 + (-3)/(66/(-508)). List the prime factors of (h - -4)*(-1)/(3/i).
3, 11
Suppose 0 = 4*w - 48 + 40. Suppose -i + 4*a - 8 = -5*i, -w*a = 4. Suppose 308 = 4*x - i*n, n = 4*x - 0*n - 299. List the prime factors of x.
2, 37
Suppose -5*g + 3968 + 48761 = p, -4*p = -5*g + 52709. What are the prime factors of g?
3, 5, 19, 37
Suppose 132696 = 3*v + 3*o, 0 = 2*v - 50*o + 48*o - 88464. What are the prime factors of v?
2, 3, 19, 97
Let w(u) = -4*u**2 - 11*u + 243. Let y(z) = 7*z**2 + 26*z - 487. Let p(m) = -5*w(m) - 2*y(m). What are the prime factors of p(-19)?
2, 467
Let g(d) = 40*d**2 + 33*d - 170. List the prime factors of g(36).
2, 13, 19, 107
Let o(y) = -2*y + 15. Let t = 281 - 301. What are the prime factors of o(t)?
5, 11
Suppose -424760 - 141500 = -20*o. What are the prime factors of o?
23, 1231
Suppose 4*a + 2*l = 2, l = 3*a - 4*l - 8. What are the prime factors of a/(5 - 21/6)*909?
2, 3, 101
Suppose 151*v + 3*z + 8447 = 155*v, -v - 2*z + 2109 = 0. List the prime factors of v.
2111
Let w = -20052 + 34767. List the prime factors of w.
3, 5, 109
Suppose -50*g + 1843 = a - 48*g, 2*a = 5*g + 3632. What are the prime factors of a?
1831
Let z(j) = -2*j**2 + 68*j + 104. List the prime factors of z(30).
2, 43
Suppose -1271 - 953 = 8*h. Let l = h + 726. What are the prime factors of l?
2, 7
What are the prime factors of (-20)/(-770) + (-10159680)/(-308)?
2, 16493
Let j(y) = 11*y - 20. Let n be j(9). Let t = 90 - n. Suppose -13*w + t*w = -416. List the prime factors of w.
2, 13
Suppose -3*a - 5*p = -36864, -9655 = -2*a + 5*p + 14946. List the prime factors of a.
19, 647
Suppose -708 = -2*w - i, -i + 605 = 3*w - 458. Let g = w - -401. List the prime factors of g.
2, 3, 7
Let z = 142727 + -74322. What are the prime factors of z?
5, 13681
Let x(p) = -2*p**3 + 117*p**2 + 76*p + 62. What are the prime factors of x(55)?
7, 3631
Suppose -267*y + 241*y + 296738 = 0. What are the prime factors of y?
101, 113
Let t(q) = -13*q**3 + 99*q**2 + 835*q - 12. What are the prime factors of t(-9)?
3, 3323
Suppose 19*r = 7*r + 4200. List the prime factors of ((-42)/(-5) - 0)*r/15.
2, 7
Let l = -2671 - -9507. What are the prime factors of l?
2, 1709
Suppose 4*r - 2*o = -r - 4720, 15 = -3*o. Let j = -40 - r. What are the prime factors of j?
2, 3, 151
List the prime factors of (32/112 - (-299288)/14) + 130/(-26).
11, 29, 67
Let c = 737 - 474. Let a = c - -376. What are the prime factors of a?
3, 71
Suppose 0 = -68*b + 45*b - 13432. Let p = 237 - b. List the prime factors of p.
821
Let v(f) = 40*f + 225. Let l be v(-9). Let w(y) = 35*y + 5. Let m be w(-6). Let r = l - m. What are the prime factors of r?
2, 5, 7
Let p(d) be the second derivative of 0 + 23/2*d**2 + 8/3*d**3 + 21*d. What are the prime factors of p(6)?
7, 17
Let a = 23466 + -18782. List the prime factors of a.
2, 1171
Let z = 3887 - 2016. What are the prime factors of z?
1871
Let f(o) = -27 + 2 + o**3 + 48*o**2 - 25 - 21 - 57*o. List the prime factors of f(-49).
3, 107
Let h = 13466 + -6239. List the prime factors of h.
3, 11, 73
Suppose -5*s - 85743 = -2*i, 5*i - 106905 - 107530 = -3*s. List the prime factors of i.
2, 71, 151
Let t(w) be the first derivative of w**3/3 + 19*w**2/2 + 24*w - 9. Let b be t(-12). What are the prime factors of 114*-1*(-8)/b*-5?
2, 19
Let t(w) = 3*w**2 - w - 5. Let u be t(-7). Suppose s = 146 + u. List the prime factors of s.
5, 59
Let y be (-2 - 2)*2/(-4). Suppose 6*i = y*i. Suppose 2*f + 3 = -7, i = -w - 5*f - 3. List the prime factors of w.
2, 11
Let l(z) = -z**2 - 9*z - 4. Let f be l(-8). Suppose v - 11 = -f*s, 3*s - 5*v = -0*s - 9. Suppose -s*g + 138 = 4*g. List the prime factors of g.
23
Let h = 10438 + -3752. List the prime factors of h.
2, 3343
Let m(h) = -2*h + 13. Let q(v) = 1. Let u(a) = -m(a) - 2*q(a). Let d be u(-13). Let f = d - -97. List the prime factors of f.
2, 7
Let s be -2*(-3 - (-9 + 7)). Suppose 5*f = 5*b + 317 + 163, 201 = s*f + b. What are the prime factors of f?
3, 11
List the prime factors of 15623/4 - 7/(-28).
2, 3, 7, 31
Suppose 0 = -4*w + 20*w - 48. Suppose -5*n + 3997 = 2*b - 4*b, 0 = 2*n + w*b - 1595. List the prime factors of n.
17, 47
Let u(d) = 26*d**3 - 8*d**2 + 14*d + 37. List the prime factors of u(7).
3, 2887
Let n = 47 + -42. Suppose 178 = -n*j - 547. Let s = j + 233. What are the prime factors of s?
2, 11
Let y = -143 + 148. Suppose y*k + 9*k = 4578. What are the prime factors of k?
3, 109
Let k(f) = -1085*f**3 + 9*f**2 + 79*f + 108. What are the prime factors of k(-4)?
2, 271
Suppose -4*n + 21893 + 17215 = 4*u, 0 = 2*u + 3*n - 19548. What are the prime factors of u?
3, 1087
Let g(z) = -75*z**2 - 6*z - 10. Let a be g(-3). Let j = a - -1159. List the prime factors of j.
2, 3, 41
List the prime factors of 0 - 67485/(-10)*((-52)/12 - -5).
11, 409
Let s(k) = 9*k - 73. Let l be (-1)/(9/(-15) + (-230)/(-425)). What are the prime factors of s(l)?
2, 5
List the prime factors of (10 + (-88466)/(-21))/((-14)/(-63)).
2, 3, 3167
Suppose 2*w - 3*d - 6896 = 0, 4*d = -14*w + 16*w - 6902. What are the prime factors of w?
19, 181
Suppose -3*h = 3*v - 32295, 8097 = -4*h - 3*v + 51163. List the prime factors of h.
10771
Suppose 4*i + 127*x - 63010 = 125*x, 0 = 4*x - 4. What are the prime factors of i?
2, 11, 179
Let i(l) = l**3 + 8*l + 6*l**2 - 13*l**2 + 25 + 27*l - 22*l**2. Let j be (-4)/30 + 5908/210. List the prime factors of i(j).
13, 17
Let i(p) = -p**2 + 11*p + 64. Let v be i(-4). Suppose v*u - 20 = -2*g - u, 5*g - 5*u = 120. List the prime factors of g.
2, 5
Let r be (-2)/28*2 + (-160)/56. Let w(s) = 3*s**3 + 3*s**2 + 3*s + 5. Let n be w(r). List the prime factors of (6/8)/((-1)/n)*2.
3, 29
Suppose -16*z - 1 = -33. List the prime factors of 1/1 - (z - 1990/5).
397
Suppose 3 = -2*l + 9. Suppose -2*c - 2781 = -5*z + 792, -l*z = -2*c - 3571. What are the prime factors of (-2)/(-7) + c/(-28)?
2
Suppose -9*x + 21*x = 35268. What are the prime factors of (-27)/18 + x/2 + -2?
2, 733
Let f(l) = 2*l**2 - 103*l + 170. Let g be f(50). Suppose 5*s - 5*u - 3205 = 0, 87*u - g = 92*u. List the prime factors of s.
7, 13
Let o(w) = -11*w**3 + 31*w**2 + 17*w - 81. List the prime factors of o(-12).
3, 59, 131
Let j be 1/(28/12) + 7487/7. Suppose -5*w = j + 580. Let i = -184 - w. What are the prime factors of i?
2, 73
Suppose -25 - 2 = -9*i. Suppose -4*k + 950 = 5*j, 0*k = i*j + k - 577. List the prime factors of j.
2, 97
Let t(b) = -78 - 74 + 8*b - 76 + 244. Let u be t(13). Suppose 954 = -u*q + 123*q. List the prime factors of q.
2, 3, 53
Let c(z) = -262*z - 54. Let w(u) = 131*u + 25. Let i(m) = 2*c(m) + 5*w(m). List the prime factors of i(5).
2, 3, 7
Let l(w) = 6*w